{"id":92,"date":"2025-09-21T19:44:40","date_gmt":"2025-09-21T19:44:40","guid":{"rendered":"https:\/\/www.megeteknik.com.tr\/?post_type=product&#038;p=92"},"modified":"2025-09-21T19:50:20","modified_gmt":"2025-09-21T19:50:20","slug":"loyka-wf-mia1-isiticili-manyetik-karistirici","status":"publish","type":"product","link":"http:\/\/www.megeteknik.com.tr\/index.php\/product\/loyka-wf-mia1-isiticili-manyetik-karistirici\/","title":{"rendered":"Loyka Wf-M\u0131a1 Is\u0131t\u0131c\u0131l\u0131 Manyetik Kar\u0131\u015ft\u0131r\u0131c\u0131"},"content":{"rendered":"<p>WF-MIA1 Is\u0131t\u0131c\u0131l\u0131 Manyetik Kar\u0131\u015ft\u0131r\u0131c\u0131<\/p>\n","protected":false},"excerpt":{"rendered":"<p>WF-MIA1 Is\u0131t\u0131c\u0131l\u0131 Manyetik Kar\u0131\u015ft\u0131r\u0131c\u0131<\/p>\n","protected":false},"featured_media":94,"comment_status":"open","ping_status":"closed","template":"","meta":{"_kadence_starter_templates_imported_post":false,"_kad_post_transparent":"","_kad_post_title":"","_kad_post_layout":"","_kad_post_sidebar_id":"","_kad_post_content_style":"","_kad_post_vertical_padding":"","_kad_post_feature":"","_kad_post_feature_position":"","_kad_post_header":false,"_kad_post_footer":false,"_kad_post_classname":""},"product_brand":[],"product_cat":[19,15],"product_tag":[],"class_list":{"0":"post-92","1":"product","2":"type-product","3":"status-publish","4":"has-post-thumbnail","6":"product_cat-cihazlar","7":"product_cat-urunler","9":"first","10":"instock","11":"shipping-taxable","12":"product-type-simple","13":"entry","14":"content-bg","15":"loop-entry"},"_links":{"self":[{"href":"http:\/\/www.megeteknik.com.tr\/index.php\/wp-json\/wp\/v2\/product\/92","targetHints":{"allow":["GET"]}}],"collection":[{"href":"http:\/\/www.megeteknik.com.tr\/index.php\/wp-json\/wp\/v2\/product"}],"about":[{"href":"http:\/\/www.megeteknik.com.tr\/index.php\/wp-json\/wp\/v2\/types\/product"}],"replies":[{"embeddable":true,"href":"http:\/\/www.megeteknik.com.tr\/index.php\/wp-json\/wp\/v2\/comments?post=92"}],"wp:featuredmedia":[{"embeddable":true,"href":"http:\/\/www.megeteknik.com.tr\/index.php\/wp-json\/wp\/v2\/media\/94"}],"wp:attachment":[{"href":"http:\/\/www.megeteknik.com.tr\/index.php\/wp-json\/wp\/v2\/media?parent=92"}],"wp:term":[{"taxonomy":"product_brand","embeddable":true,"href":"http:\/\/www.megeteknik.com.tr\/index.php\/wp-json\/wp\/v2\/product_brand?post=92"},{"taxonomy":"product_cat","embeddable":true,"href":"http:\/\/www.megeteknik.com.tr\/index.php\/wp-json\/wp\/v2\/product_cat?post=92"},{"taxonomy":"product_tag","embeddable":true,"href":"http:\/\/www.megeteknik.com.tr\/index.php\/wp-json\/wp\/v2\/product_tag?post=92"}],"curies":[{"name":"wp","href":"https:\/\/api.w.org\/{rel}","templated":true}]}}